[INFO] cloning repository https://github.com/jamescarterbell/bevy_glium
[INFO] running `Command { std: "git" "-c" "credential.helper=" "-c" "credential.helper=/workspace/cargo-home/bin/git-credential-null" "clone" "--bare" "https://github.com/jamescarterbell/bevy_glium" "/workspace/cache/git-repos/https%3A%2F%2Fgithub.com%2Fjamescarterbell%2Fbevy_glium", kill_on_drop: false }`
[INFO] [stderr] Cloning into bare repository '/workspace/cache/git-repos/https%3A%2F%2Fgithub.com%2Fjamescarterbell%2Fbevy_glium'...
[INFO] running `Command { std: "git" "rev-parse" "HEAD", kill_on_drop: false }`
[INFO] [stdout] 35133ec2bb9a96ab23112e1e24d855fa5e5ea31b
[INFO] checking jamescarterbell/bevy_glium against master#af3c6e733a40e671550e0f0f5aeecaa13772ba56 for pr-74989
[INFO] running `Command { std: "git" "clone" "/workspace/cache/git-repos/https%3A%2F%2Fgithub.com%2Fjamescarterbell%2Fbevy_glium" "/workspace/builds/worker-8/source", kill_on_drop: false }`
[INFO] [stderr] Cloning into '/workspace/builds/worker-8/source'...
[INFO] [stderr] done.
[INFO] validating manifest of git repo https://github.com/jamescarterbell/bevy_glium on toolchain af3c6e733a40e671550e0f0f5aeecaa13772ba56
[INFO] running `Command { std: "/workspace/cargo-home/bin/cargo" "+af3c6e733a40e671550e0f0f5aeecaa13772ba56" "read-manifest" "--manifest-path" "Cargo.toml", kill_on_drop: false }`
[INFO] started tweaking git repo https://github.com/jamescarterbell/bevy_glium
[INFO] finished tweaking git repo https://github.com/jamescarterbell/bevy_glium
[INFO] tweaked toml for git repo https://github.com/jamescarterbell/bevy_glium written to /workspace/builds/worker-8/source/Cargo.toml
[INFO] crate git repo https://github.com/jamescarterbell/bevy_glium already has a lockfile, it will not be regenerated
[INFO] running `Command { std: "/workspace/cargo-home/bin/cargo" "+af3c6e733a40e671550e0f0f5aeecaa13772ba56" "fetch" "--locked" "--manifest-path" "Cargo.toml", kill_on_drop: false }`
[INFO] [stderr]     Blocking waiting for file lock on package cache
[INFO] [stderr]     Blocking waiting for file lock on package cache
[INFO] running `Command { std: "docker" "create" "-v" "/var/lib/crater-agent-workspace/builds/worker-8/target:/opt/rustwide/target:rw,Z" "-v" "/var/lib/crater-agent-workspace/builds/worker-8/source:/opt/rustwide/workdir:ro,Z" "-v" "/var/lib/crater-agent-workspace/cargo-home:/opt/rustwide/cargo-home:ro,Z" "-v" "/var/lib/crater-agent-workspace/rustup-home:/opt/rustwide/rustup-home:ro,Z" "-e" "SOURCE_DIR=/opt/rustwide/workdir" "-e" "CARGO_TARGET_DIR=/opt/rustwide/target" "-e" "CARGO_HOME=/opt/rustwide/cargo-home" "-e" "RUSTUP_HOME=/opt/rustwide/rustup-home" "-w" "/opt/rustwide/workdir" "-m" "1610612736" "--user" "0:0" "--network" "none" "rustops/crates-build-env@sha256:d92eaeed33fa75130ca1ee6c8a01d1ffb62bac859dfdfb3450e3e5d1c0146529" "/opt/rustwide/cargo-home/bin/cargo" "+af3c6e733a40e671550e0f0f5aeecaa13772ba56" "metadata" "--no-deps" "--format-version=1", kill_on_drop: false }`
[INFO] [stdout] 60d6760678f71c91bb2a33a0a2b9fe6d7eefa97233e9e62350686c2df861029d
[INFO] [stderr] WARNING: Your kernel does not support swap limit capabilities or the cgroup is not mounted. Memory limited without swap.
[INFO] running `Command { std: "docker" "start" "-a" "60d6760678f71c91bb2a33a0a2b9fe6d7eefa97233e9e62350686c2df861029d", kill_on_drop: false }`
[INFO] running `Command { std: "docker" "inspect" "60d6760678f71c91bb2a33a0a2b9fe6d7eefa97233e9e62350686c2df861029d", kill_on_drop: false }`
[INFO] running `Command { std: "docker" "rm" "-f" "60d6760678f71c91bb2a33a0a2b9fe6d7eefa97233e9e62350686c2df861029d", kill_on_drop: false }`
[INFO] [stdout] 60d6760678f71c91bb2a33a0a2b9fe6d7eefa97233e9e62350686c2df861029d
[INFO] running `Command { std: "docker" "create" "-v" "/var/lib/crater-agent-workspace/builds/worker-8/target:/opt/rustwide/target:rw,Z" "-v" "/var/lib/crater-agent-workspace/builds/worker-8/source:/opt/rustwide/workdir:ro,Z" "-v" "/var/lib/crater-agent-workspace/cargo-home:/opt/rustwide/cargo-home:ro,Z" "-v" "/var/lib/crater-agent-workspace/rustup-home:/opt/rustwide/rustup-home:ro,Z" "-e" "SOURCE_DIR=/opt/rustwide/workdir" "-e" "CARGO_TARGET_DIR=/opt/rustwide/target" "-e" "CARGO_INCREMENTAL=0" "-e" "RUST_BACKTRACE=full" "-e" "RUSTFLAGS=--cap-lints=forbid" "-e" "CARGO_HOME=/opt/rustwide/cargo-home" "-e" "RUSTUP_HOME=/opt/rustwide/rustup-home" "-w" "/opt/rustwide/workdir" "-m" "1610612736" "--user" "0:0" "--network" "none" "rustops/crates-build-env@sha256:d92eaeed33fa75130ca1ee6c8a01d1ffb62bac859dfdfb3450e3e5d1c0146529" "/opt/rustwide/cargo-home/bin/cargo" "+af3c6e733a40e671550e0f0f5aeecaa13772ba56" "check" "--frozen" "--all" "--all-targets" "--message-format=json", kill_on_drop: false }`
[INFO] [stdout] d24814592db7f25b7534e6811a4c66d93433f3fbfdc7ba7bf43b0ec7ee590e94
[INFO] [stderr] WARNING: Your kernel does not support swap limit capabilities or the cgroup is not mounted. Memory limited without swap.
[INFO] running `Command { std: "docker" "start" "-a" "d24814592db7f25b7534e6811a4c66d93433f3fbfdc7ba7bf43b0ec7ee590e94", kill_on_drop: false }`
[INFO] [stderr]    Compiling libc v0.2.76
[INFO] [stderr]    Compiling proc-macro2 v1.0.19
[INFO] [stderr]    Compiling unicode-xid v0.2.1
[INFO] [stderr]    Compiling syn v1.0.39
[INFO] [stderr]     Checking spin v0.5.2
[INFO] [stderr]    Compiling log v0.4.11
[INFO] [stderr]    Compiling libloading v0.6.3
[INFO] [stderr]     Checking scopeguard v1.1.0
[INFO] [stderr]    Compiling getrandom v0.1.14
[INFO] [stderr]    Compiling maybe-uninit v2.0.0
[INFO] [stderr]    Compiling xml-rs v0.8.3
[INFO] [stderr]     Checking downcast-rs v1.2.0
[INFO] [stderr]    Compiling byteorder v1.3.4
[INFO] [stderr]    Compiling cfg-if v0.1.10
[INFO] [stderr]     Checking ahash v0.3.8
[INFO] [stderr]    Compiling glam v0.9.3
[INFO] [stderr]     Checking either v1.6.0
[INFO] [stderr]     Checking fixedbitset v0.3.1
[INFO] [stderr]    Compiling Inflector v0.11.4
[INFO] [stderr]    Compiling khronos_api v3.1.0
[INFO] [stderr]     Checking same-file v1.0.6
[INFO] [stderr]     Checking void v1.0.2
[INFO] [stderr]    Compiling proc-macro2 v0.4.30
[INFO] [stderr]    Compiling unicode-xid v0.1.0
[INFO] [stderr]     Checking instant v0.1.6
[INFO] [stderr]    Compiling crc32fast v1.2.0
[INFO] [stderr]     Checking adler32 v1.2.0
[INFO] [stderr]    Compiling nix v0.14.1
[INFO] [stderr]     Checking remove_dir_all v0.5.3
[INFO] [stderr]     Checking bytemuck v1.4.0
[INFO] [stderr]    Compiling memchr v2.3.3
[INFO] [stderr]     Checking futures-core v0.3.5
[INFO] [stderr]    Compiling cart-tmp-winit v0.22.2
[INFO] [stderr]    Compiling nix v0.17.0
[INFO] [stderr]    Compiling ryu v1.0.5
[INFO] [stderr]     Checking futures-sink v0.3.5
[INFO] [stderr]    Compiling serde_json v1.0.57
[INFO] [stderr]     Checking arrayvec v0.5.1
[INFO] [stderr]    Compiling cpal v0.11.0
[INFO] [stderr]    Compiling libm v0.1.4
[INFO] [stderr]     Checking svg_fmt v0.4.1
[INFO] [stderr]    Compiling inflections v1.1.1
[INFO] [stderr]     Checking ttf-parser v0.8.2
[INFO] [stderr]     Checking itoa v0.4.6
[INFO] [stderr]     Checking xdg v2.2.0
[INFO] [stderr]     Checking inplace_it v0.3.2
[INFO] [stderr]     Checking scoped-tls v1.0.0
[INFO] [stderr]     Checking rectangle-pack v0.1.6
[INFO] [stderr]     Checking copyless v0.1.5
[INFO] [stderr]     Checking ab_glyph_rasterizer v0.1.2
[INFO] [stderr]     Checking typed-arena v2.0.1
[INFO] [stderr]     Checking pollster v0.2.0
[INFO] [stderr]     Checking takeable-option v0.5.0
[INFO] [stderr]     Checking fnv v1.0.7
[INFO] [stderr]    Compiling num-traits v0.2.12
[INFO] [stderr]    Compiling crossbeam-utils v0.7.2
[INFO] [stderr]    Compiling memoffset v0.5.5
[INFO] [stderr]    Compiling crossbeam-epoch v0.8.2
[INFO] [stderr]    Compiling hashbrown v0.8.2
[INFO] [stderr]    Compiling rayon v1.4.0
[INFO] [stderr]    Compiling num-integer v0.1.43
[INFO] [stderr]    Compiling num-rational v0.3.0
[INFO] [stderr]    Compiling num-iter v0.1.41
[INFO] [stderr]    Compiling x11-dl v2.18.5
[INFO] [stderr]    Compiling wayland-sys v0.27.0
[INFO] [stderr]    Compiling x11 v2.18.2
[INFO] [stderr]    Compiling alsa-sys v0.1.2
[INFO] [stderr]    Compiling cmake v0.1.44
[INFO] [stderr]    Compiling spirv-reflect v0.2.3
[INFO] [stderr]    Compiling minimp3-sys v0.3.2
[INFO] [stderr]    Compiling libloading v0.5.2
[INFO] [stderr]     Checking lock_api v0.3.4
[INFO] [stderr]     Checking lock_api v0.4.1
[INFO] [stderr]     Checking lazy_static v1.4.0
[INFO] [stderr]     Checking walkdir v2.3.1
[INFO] [stderr]     Checking miniz_oxide v0.3.7
[INFO] [stderr]     Checking hibitset v0.6.3
[INFO] [stderr]     Checking futures-channel v0.3.5
[INFO] [stderr]     Checking miniz_oxide v0.4.1
[INFO] [stderr]     Checking tracing-core v0.1.15
[INFO] [stderr]     Checking wgpu-types v0.6.0
[INFO] [stderr]    Compiling bevy-glsl-to-spirv v0.1.7
[INFO] [stderr]     Checking dlib v0.4.2
[INFO] [stderr]     Checking ash v0.31.0
[INFO] [stderr]    Compiling gl_generator v0.14.0
[INFO] [stderr]     Checking deflate v0.8.6
[INFO] [stderr]     Checking stb_truetype v0.3.1
[INFO] [stderr]     Checking fxhash v0.2.1
[INFO] [stderr]     Checking wayland-sys v0.23.6
[INFO] [stderr]     Checking tracing v0.1.19
[INFO] [stderr]     Checking crossbeam-channel v0.4.3
[INFO] [stderr]    Compiling quote v0.6.13
[INFO] [stderr]     Checking owned_ttf_parser v0.8.0
[INFO] [stderr]    Compiling quote v1.0.7
[INFO] [stderr]     Checking stretch v0.3.2
[INFO] [stderr]     Checking png v0.16.7
[INFO] [stderr]     Checking ab_glyph v0.2.5
[INFO] [stderr]     Checking spirv_headers v1.5.0
[INFO] [stderr]     Checking ordered-float v1.1.0
[INFO] [stderr]     Checking approx v0.3.2
[INFO] [stderr]     Checking line_drawing v0.7.0
[INFO] [stderr]     Checking euclid v0.20.14
[INFO] [stderr]    Compiling wayland-scanner v0.23.6
[INFO] [stderr]     Checking crossbeam-deque v0.7.3
[INFO] [stderr]    Compiling wayland-scanner v0.27.0
[INFO] [stderr]     Checking rusttype v0.8.3
[INFO] [stderr]     Checking rusttype v0.7.9
[INFO] [stderr]     Checking image v0.23.9
[INFO] [stderr]    Compiling glutin_egl_sys v0.1.5
[INFO] [stderr]    Compiling glutin_glx_sys v0.1.7
[INFO] [stderr]    Compiling glutin_glx_sys v0.1.7 (https://github.com/jamescarterbell/glutin.git#a9261e08)
[INFO] [stderr]    Compiling glutin_egl_sys v0.1.5 (https://github.com/jamescarterbell/glutin.git#a9261e08)
[INFO] [stderr]    Compiling glium v0.27.0 (https://github.com/jamescarterbell/glium.git#4e6fe3ca)
[INFO] [stderr]     Checking andrew v0.2.1
[INFO] [stderr]     Checking net2 v0.2.34
[INFO] [stderr]     Checking iovec v0.1.4
[INFO] [stderr]     Checking num_cpus v1.13.0
[INFO] [stderr]     Checking raw-window-handle v0.3.3
[INFO] [stderr]     Checking inotify-sys v0.1.3
[INFO] [stderr]     Checking filetime v0.2.12
[INFO] [stderr]     Checking shared_library v0.1.9
[INFO] [stderr]     Checking slice-deque v0.3.0
[INFO] [stderr]     Checking memmap v0.7.0
[INFO] [stderr]     Checking backtrace v0.3.50
[INFO] [stderr]     Checking rand_core v0.5.1
[INFO] [stderr]     Checking guillotiere v0.5.2
[INFO] [stderr]     Checking mio v0.6.22
[INFO] [stderr]     Checking inotify v0.8.3
[INFO] [stderr]     Checking rayon-core v1.8.0
[INFO] [stderr]     Checking gfx-hal v0.6.0
[INFO] [stderr]    Compiling const-random-macro v0.1.8
[INFO] [stderr]     Checking osmesa-sys v0.1.2
[INFO] [stderr]     Checking minimp3 v0.3.5
[INFO] [stderr]     Checking rand_chacha v0.2.2
[INFO] [stderr]    Compiling wayland-client v0.27.0
[INFO] [stderr]     Checking mio-extras v2.0.6
[INFO] [stderr]     Checking rand v0.7.3
[INFO] [stderr]     Checking notify v5.0.0-pre.3
[INFO] [stderr]    Compiling wayland-client v0.23.6
[INFO] [stderr]    Compiling wayland-protocols v0.23.6
[INFO] [stderr]     Checking const-random v0.1.8
[INFO] [stderr]     Checking ahash v0.4.4
[INFO] [stderr]     Checking bevy_utils v0.1.3 (https://github.com/jamescarterbell/bevy_utils.git#9ee1df99)
[INFO] [stderr]     Checking tempfile v3.1.0
[INFO] [stderr]     Checking wayland-commons v0.23.6
[INFO] [stderr]     Checking calloop v0.4.4
[INFO] [stderr]     Checking gfx-memory v0.2.0
[INFO] [stderr]     Checking gfx-backend-empty v0.6.0
[INFO] [stderr]     Checking gfx-descriptor v0.2.0
[INFO] [stderr]    Compiling serde_derive v1.0.115
[INFO] [stderr]    Compiling thiserror-impl v1.0.20
[INFO] [stderr]    Compiling pin-project-internal v0.4.23
[INFO] [stderr]    Compiling futures-macro v0.3.5
[INFO] [stderr]    Compiling gltf-derive v0.15.2
[INFO] [stderr]     Checking smithay-client-toolkit v0.6.6
[INFO] [stderr]     Checking thiserror v1.0.20
[INFO] [stderr]     Checking naga v0.2.0
[INFO] [stderr]     Checking rodio v0.11.0
[INFO] [stderr]     Checking pin-project v0.4.23
[INFO] [stderr]     Checking futures-util v0.3.5
[INFO] [stderr]     Checking serde v1.0.115
[INFO] [stderr]     Checking futures-executor v0.3.5
[INFO] [stderr]     Checking futures v0.3.5
[INFO] [stderr]     Checking smallvec v1.4.2
[INFO] [stderr]     Checking erased-serde v0.3.12
[INFO] [stderr]     Checking bevy_ron v0.1.3
[INFO] [stderr]     Checking uuid v0.8.1
[INFO] [stderr]    Compiling toml v0.5.6
[INFO] [stderr]     Checking parking_lot_core v0.7.2
[INFO] [stderr]     Checking parking_lot_core v0.8.0
[INFO] [stderr]     Checking wayland-commons v0.27.0
[INFO] [stderr]     Checking gfx-backend-vulkan v0.6.1
[INFO] [stderr]     Checking parking_lot v0.10.2
[INFO] [stderr]     Checking parking_lot v0.11.0
[INFO] [stderr]     Checking bevy_math v0.1.3
[INFO] [stderr]     Checking hexasphere v0.1.6
[INFO] [stderr]     Checking winit v0.22.2
[INFO] [stderr]     Checking gltf-json v0.15.2
[INFO] [stderr]    Compiling proc-macro-crate v0.1.5
[INFO] [stderr]     Checking wgpu-core v0.6.1
[INFO] [stderr]    Compiling bevy_hecs_macros v0.1.3
[INFO] [stderr]    Compiling bevy_derive v0.1.3
[INFO] [stderr]    Compiling bevy_property_derive v0.1.3
[INFO] [stderr]     Checking wayland-egl v0.27.0
[INFO] [stderr]     Checking glutin v0.24.1 (https://github.com/jamescarterbell/glutin.git#a9261e08)
[INFO] [stdout] error[E0599]: no method named `is_wayland` found for reference `&cart_tmp_winit::event_loop::EventLoopWindowTarget<T>` in the current scope
[INFO] [stdout]    --> /opt/rustwide/cargo-home/git/checkouts/glutin-1d031e8e075ad6f4/a9261e0/glutin/src/platform_impl/unix/mod.rs:100:15
[INFO] [stdout]     |
[INFO] [stdout] 100 |         if el.is_wayland() {
[INFO] [stdout]     |               ^^^^^^^^^^ method not found in `&cart_tmp_winit::event_loop::EventLoopWindowTarget<T>`
[INFO] [stdout] 
[INFO] [stdout] 
[INFO] [stdout] error[E0599]: no method named `is_wayland` found for reference `&cart_tmp_winit::event_loop::EventLoopWindowTarget<T>` in the current scope
[INFO] [stdout]    --> /opt/rustwide/cargo-home/git/checkouts/glutin-1d031e8e075ad6f4/a9261e0/glutin/src/platform_impl/unix/mod.rs:136:15
[INFO] [stdout]     |
[INFO] [stdout] 136 |         if el.is_wayland() {
[INFO] [stdout]     |               ^^^^^^^^^^ method not found in `&cart_tmp_winit::event_loop::EventLoopWindowTarget<T>`
[INFO] [stdout] 
[INFO] [stdout] 
[INFO] [stdout] error[E0599]: no method named `wayland_display` found for reference `&cart_tmp_winit::event_loop::EventLoopWindowTarget<T>` in the current scope
[INFO] [stdout]   --> /opt/rustwide/cargo-home/git/checkouts/glutin-1d031e8e075ad6f4/a9261e0/glutin/src/platform_impl/unix/wayland.rs:57:30
[INFO] [stdout]    |
[INFO] [stdout] 57 |         let display_ptr = el.wayland_display().unwrap() as *const _;
[INFO] [stdout]    |                              ^^^^^^^^^^^^^^^ method not found in `&cart_tmp_winit::event_loop::EventLoopWindowTarget<T>`
[INFO] [stdout] 
[INFO] [stdout] 
[INFO] [stdout] error[E0599]: no method named `wayland_display` found for struct `cart_tmp_winit::window::Window` in the current scope
[INFO] [stdout]   --> /opt/rustwide/cargo-home/git/checkouts/glutin-1d031e8e075ad6f4/a9261e0/glutin/src/platform_impl/unix/wayland.rs:98:31
[INFO] [stdout]    |
[INFO] [stdout] 98 |         let display_ptr = win.wayland_display().unwrap() as *const _;
[INFO] [stdout]    |                               ^^^^^^^^^^^^^^^ method not found in `cart_tmp_winit::window::Window`
[INFO] [stdout] 
[INFO] [stdout] 
[INFO] [stdout] error[E0599]: no method named `wayland_surface` found for struct `cart_tmp_winit::window::Window` in the current scope
[INFO] [stdout]   --> /opt/rustwide/cargo-home/git/checkouts/glutin-1d031e8e075ad6f4/a9261e0/glutin/src/platform_impl/unix/wayland.rs:99:27
[INFO] [stdout]    |
[INFO] [stdout] 99 |         let surface = win.wayland_surface();
[INFO] [stdout]    |                           ^^^^^^^^^^^^^^^ method not found in `cart_tmp_winit::window::Window`
[INFO] [stdout] 
[INFO] [stdout] 
[INFO] [stdout] error: aborting due to 5 previous errors
[INFO] [stdout] 
[INFO] [stdout] 
[INFO] [stdout] For more information about this error, try `rustc --explain E0599`.
[INFO] [stdout] 
[INFO] [stderr] error: could not compile `glutin`.
[INFO] [stderr] 
[INFO] [stderr] To learn more, run the command again with --verbose.
[INFO] [stderr] warning: build failed, waiting for other jobs to finish...
[INFO] [stderr] error: build failed
[INFO] running `Command { std: "docker" "inspect" "d24814592db7f25b7534e6811a4c66d93433f3fbfdc7ba7bf43b0ec7ee590e94", kill_on_drop: false }`
[INFO] running `Command { std: "docker" "rm" "-f" "d24814592db7f25b7534e6811a4c66d93433f3fbfdc7ba7bf43b0ec7ee590e94", kill_on_drop: false }`
[INFO] [stdout] d24814592db7f25b7534e6811a4c66d93433f3fbfdc7ba7bf43b0ec7ee590e94
